
Let a(r) = -r**2 + 120*r - 3065. Give a(83).
6
Let u(j) = 15*j**2 - 95*j - 27. What is u(6)?
-57
Let g(v) = -182*v**3 + 6*v**2 - 24*v - 27. Give g(-1).
185
Let t(i) = -i**2 - 101*i + 741. Calculate t(7).
-15
Let t(a) = a**3 + 2*a**2 + 25*a + 65. Calculate t(-3).
-19
Let u(c) = -c**3 + 32*c**2 + 9*c - 355. Give u(32).
-67
Let d(p) = 4*p**2 + 10*p - 307. Determine d(-10).
-7
Let x(c) = 52*c + 1045. Determine x(-14).
317
Let a(p) = p + 16. Give a(6).
22
Let k(j) = j**3 + 9*j**2 - 2*j - 7. What is k(-6)?
113
Let y(b) = -b**3 - 21*b**2 + 55*b + 42. What is y(-23)?
-165
Let g(v) = -v**2 - 64*v - 71. Determine g(-65).
-136
Let p(y) = -5*y**2 + 769*y - 2255. Determine p(3).
7
Let v(w) = 7*w**2 - 55*w + 33. What is v(7)?
-9
Let l(r) = -r**3 + 131*r**2 + 269*r - 411. Calculate l(133).
-12
Let z(k) = -k**2 - 309*k - 914. Calculate z(-3).
4
Let v(a) = -14*a**3 + 3*a**2 + 24*a - 29. Give v(1).
-16
Let o(g) = g**3 - 12*g**2 + 12*g - 43. Give o(10).
-123
Let o(t) = 3*t**2 + t - 221. Calculate o(-9).
13
Let l(t) = -274*t + 9324. Calculate l(34).
8
Let h(x) = x**2 - 11*x - 990. What is h(39)?
102
Let l(f) = 9*f + 186. Determine l(31).
465
Let n(v) = -2*v**3 + 15*v**2 - 15*v + 66. Give n(8).
-118
Let t(i) = -3*i**2 - 34*i + 4. Give t(-11).
15
Let g(z) = -z**2 + 224*z - 3957. What is g(22)?
487
Let o(x) = x**3 - x**2 + 714*x - 2162. Calculate o(3).
-2
Let m(w) = -2*w**2 + 24*w - 159. What is m(10)?
-119
Let q(x) = 12*x**3 - x**2 + 148*x + 307. Determine q(-2).
-89
Let d(f) = 19*f - 149. What is d(23)?
288
Let j(d) = -30*d + 299. Calculate j(29).
-571
Let z(p) = -p**2 - 11*p - 183. Give z(-12).
-195
Let v(c) = c**3 + c**2 - 58*c - 6. Determine v(9).
282
Let t(b) = b**3 + 33*b**2 - 68*b - 26. Calculate t(-35).
-96
Let s(g) = -g**3 + 63*g**2 - 8*g - 3316. What is s(62)?
32
Let d(n) = -115*n - 2875. Calculate d(-25).
0
Let o(y) = -y**3 - 7*y**2 - 6*y - 36. Give o(-7).
6
Let q(t) = -23446*t + 164116. Calculate q(7).
-6
Let g(p) = -p**3 - 9*p**2 - 16*p - 51. Determine g(-9).
93
Let j(r) = -2*r**2 + 217*r - 493. Calculate j(106).
37
Let p(a) = 25*a**2 + 373*a + 10. Give p(-15).
40
Let a(s) = -140*s**2 + 418*s + 5. Determine a(3).
-1
Let b(c) = c**3 - 14*c**2 + 47*c - 103. Determine b(10).
-33
Let p(h) = -2*h + 5. Calculate p(57).
-109
Let b(o) = -68*o - 448. Calculate b(3).
-652
Let r(c) = -220*c + 855. Calculate r(4).
-25
Let v(m) = -7*m**2 + 2*m + 9. Calculate v(-4).
-111
Let c(g) = 339*g - 1191. Determine c(4).
165
Let s(u) = 3*u**3 - 125*u**2 + 515*u + 113. Determine s(37).
2
Let c(f) = -f**3 + 13*f**2 + 15*f + 78. What is c(18)?
-1272
Let u(d) = d**3 + 24*d**2 - 21*d + 68. Determine u(-25).
-32
Let k(c) = -c**2 + 15*c + 119. Calculate k(27).
-205
Let n(l) = -4*l**2 - 12*l + 339. Determine n(8).
-13
Let t(r) = r**2 + 70*r + 1427. Calculate t(-52).
491
Let i(v) = -10*v**3 + 41*v**2 + 24*v - 111. Calculate i(4).
1
Let m(v) = 18*v - 166. Give m(3).
-112
Let z(c) = -173*c - 862. What is z(-5)?
3
Let w(s) = 2*s**2 + 29*s - 409. Calculate w(9).
14
Let l(s) = 3273*s + 75271. Give l(-23).
-8
Let z(h) = 14*h**2 - 487*h + 423. Determine z(34).
49
Let w(f) = -4*f**2 + 48*f - 72. Determine w(3).
36
Let c(j) = 3*j**2 - 79*j + 68. Determine c(26).
42
Let m(h) = h**3 + 65*h**2 + 400*h - 40. What is m(-7)?
2
Let a(f) = -11*f**2 + 201*f - 1154. Determine a(6).
-344
Let y(h) = -80*h - 1537. Give y(-18).
-97
Let n(x) = 232*x + 11135. Give n(-48).
-1
Let b(c) = -7*c**2 - 1541*c - 1744. Give b(-219).
8
Let i(g) = 375*g + 24628. Give i(-66).
-122
Let t(r) = 44*r - 45. Give t(2).
43
Let c(g) = 57*g**2 - 349*g - 12. Give c(6).
-54
Let y(p) = -211*p - 60954. Determine y(-289).
25
Let a(p) = 3*p**2 - 80*p - 74. Calculate a(25).
-199
Let p(w) = -3907*w + 15641. Calculate p(4).
13
Let y(w) = -w**2 + 20*w + 301. Determine y(27).
112
Let o(n) = 23*n + 458. Determine o(-23).
-71
Let b(w) = 2*w**2 - 147*w + 1959. Give b(56).
-1
Let c(x) = x**3 + 31*x**2 + 8*x - 57. What is c(-31)?
-305
Let i(u) = -u**3 - 6*u**2 - 350*u - 1386. Determine i(-4).
-18
Let f(i) = -5*i - 29. Give f(6).
-59
Let l(r) = 7*r**2 - 111*r - 113. What is l(-1)?
5
Let m(v) = 13*v**2 + 2922*v - 693. Determine m(-225).
-18
Let x(o) = -2*o**2 + 16*o + 203. Determine x(14).
35
Let f(q) = -q**3 - 29*q**2 + 47*q - 434. Determine f(-31).
31
Let s(i) = 3*i**3 - 19*i**2 + 60*i - 1. Calculate s(4).
127
Let g(w) = -4*w**3 + 7*w**2 - w + 40. Determine g(5).
-290
Let m(s) = -18*s**2 - 437*s - 893. What is m(-22)?
9
Let j(v) = -2*v**3 + 51*v**2 - 235*v + 3. Calculate j(6).
-3
Let r(t) = t**3 - 8*t**2 - 611*t + 5418. Determine r(9).
0
Let p(f) = f**3 + 8*f**2 - 14*f - 87. Calculate p(-5).
58
Let s(h) = -h**3 - 77*h**2 + 5*h + 425. Determine s(-77).
40
Let n(o) = 2*o**3 - 183*o**2 - 278*o - 145. Calculate n(93).
-52
Let p(w) = -w**2 - 15*w - 37. Determine p(-13).
-11
Let y(i) = -46*i + 1572. Determine y(33).
54
Let c(t) = t**3 - 26*t**2 + 162*t + 49. Determine c(11).
16
Let s(n) = -21*n**2 - 2*n + 32. Give s(0).
32
Let a(b) = 2*b**3 - 52*b**2 + 2*b + 244. Calculate a(26).
296
Let b(w) = 185*w**3 + 4*w - 3. Calculate b(1).
186
Let o(x) = -2*x + 5. Determine o(5).
-5
Let l(s) = 2*s**3 + 25*s**2 + 64*s + 424. Give l(-11).
83
Let b(q) = 167*q - 158. Give b(2).
176
Let z(j) = j**2 - 214*j + 9767. Determine z(66).
-1
Let k(x) = 78*x**2 - 168*x + 3. Determine k(2).
-21
Let r(z) = -2*z**2 - 129*z + 1083. What is r(-72)?
3
Let l(g) = -g**3 + 117*g**2 - 257*g + 3167. Give l(115).
62
Let a(y) = 6*y**3 - 126*y**2 - 7*y + 163. What is a(21)?
16
Let u(k) = -3*k - 32. Calculate u(2).
-38
Let d(i) = i**2 + 28*i + 10. Calculate d(-3).
-65
Let k(y) = -2*y**2 + y + 282. Calculate k(-13).
-69
Let c(h) = 15*h**2 - 51*h + 270. What is c(6)?
504
Let w(v) = -11*v**3 + 115*v**2 - 145*v + 18. Determine w(9).
9
Let d(g) = -g**3 - 52*g**2 + 343*g + 21. Give d(6).
-9
Let f(i) = i**3 - 47*i**2 - 58*i + 25. Calculate f(48).
-455
Let j(n) = -59*n - 48. What is j(-3)?
129
Let w(p) = -p**2 - 26*p - 12. What is w(-14)?
156
Let t(u) = -112*u**3 + 3*u**2 + 10*u + 15. Calculate t(-2).
903
Let t(j) = -88*j - 99. Determine t(-1).
-11
Let t(k) = 75*k - 1212. Give t(16).
-12
Let i(k) = -k**3 - 27*k**2 - 4*k - 3. Give i(-27).
105
Let b(f) = 8*f**2 - 56*f - 82. Calculate b(12).
398
Let d(z) = 66*z - 1053. Determine d(15).
-63
Let i(s) = s**3 - 34*s**2 - 33*s - 59. Calculate i(35).
11
Let i(l) = -5*l**2 + 9*l + 239. Calculate i(-6).
5
Let i(w) = w**2 - 3*w - 6. What is i(5)?
4
Let w(d) = d**3 - 27*d**2 - 14*d + 334. Determine w(27).
-44
Let k(l) = l**2 - 2838*l + 2. Give k(0).
2
Let r(j) = -29*j + 1520. What is r(51)?
41
Let i(o) = -631*o - 4395. Determine i(-7).
22
Let h(d) = -26*d**2 - 211*d - 19. Determine h(-8).
5
Let j(o) = -o**2 + 36*o + 190. Calculate j(41).
-15
Let w(p) = -p**3 + 28*p**2 + 28*p + 10. Give w(29).
-19
Let n(h) = 51*h + 1311. Calculate n(-26).
-15
Let g(n) = 9*n + 303. What is g(-20)?
123
Let m(v) = 6*v**2 - 5*v - 4. What is m(-1)?
7
Let j(i) = i**3 - 10*i**2 - 6*i + 8. Give j(10).
-52
Let n(z) = -14*z**3 - 26*z**2 - 42*z + 11. Give n(-5).
1321
Let l(t) = -t**3 + 6*t**2 - 25*t + 207. Give l(7).
-17
Let h(c) = -141*c + 7. Calculate h(-1).
148
Let j(r) = 23*r + 201. Give j(-10).
-29
Let o(k) = 5*k**2 - 43*k + 65. What is o(3)?
-19
Let k(y) = -9*y**2 - 3094*y - 6182. What is k(-2)?
-30
Let c(g) = -12*g + 392. Calculate c(38).
-64
Let w(s) = -22*s**2 - 1143*s + 52. Calculate w(-52).
0
Let o(m) = -94*m - 375. What is o(-4)?
1
Let t(u) = -14*u**2 - 127*u - 4. Calculate t(-9).
5
Let n(c) = c**3 - 39*c**2 - 37*c + 2857. Calculate n(38).
7
Let l(t) = 226*t + 5413. Determine l(-24).
-11
Let r(l) = -812*l + 5996. Give r(8).
-500
Let v(b) = b**3 - 18*b**2 - 22*b + 35. What is v(19)?
-22
Let f(m) = -m**3 - 34*m**2 - 287*m - 22. Give f(-15).
8
Let t(n) = n**3 - 8*n**2 - 710*n + 98. What is t(-23)?
29
Let x(v) = v**3 - 10*v**2 - 264*v - 10. Calculate x(22).
-10
Let s(w) = -w**3 + 45*w**2 + 39*w + 149. Determine s(46).
-173
Let m(n) = n**3 + 15*n**2 - 2*n - 27. Calculate m(-15).
3
Let l(y) = -2*y**2 - 98*y - 840. Determine l(-37).
48
Let a(v) = 14*v**2 - 198*v + 21. Calculate a(14).
-7
Let l(g) = g**3 - 8*g**2 - 249*g - 699. Give l(-10).
-9
Let l(r) = 2*r**2 + 28*r + 62. Determine l(-10).
-18
Let n(g) = g**3 - 827*g**2 + 5754*g - 83. Calculate n(7).
15
Let m(i) = -30*i**2 + 2